 (-2)/32 - (-2418260)/320 is divided by 24?
21
Let w = -346 + 611. Let r = -247 + w. Calculate the remainder when 114 is divided by r.
6
Let y = 13398 + -8649. Calculate the remainder when y is divided by 54.
51
Suppose 57*p + 3585 - 17151 = 0. Calculate the remainder when 720 is divided by p.
6
Let z be 14/77 + (-258)/(-33). Suppose -20 = -4*o, q = -z*o + 5*o + 36. Calculate the remainder when 165 is divided by q.
18
Let k = -2778 + 2794. Calculate the remainder when 607 is divided by k.
15
Suppose 0 = l - 5*i - 202, -3*i + 2*i = 2*l - 360. Calculate the remainder when l is divided by 107.
75
Suppose 79*u - 20898 = 83*u - 166*u. Calculate the remainder when 262 is divided by u.
4
Suppose -2*q + i + 48 = 13, -3*i + 66 = 3*q. Suppose 0 = 16*l - q*l + 243. Suppose l = 83*s - 80*s. Calculate the remainder when s is divided by 14.
13
Let m be 16/(-56) + (-2090)/(-14). Let h = 225 - m. Let r(q) = 2*q**2 + 4*q - 3. Calculate the remainder when h is divided by r(-4).
11
Let q = -6125 - -6726. Calculate the remainder when q is divided by 600.
1
Suppose -11*s + 14*s = 45. Let b(r) = -r**2 + 5*r + 762. Calculate the remainder when s is divided by b(-25).
3
What is the remainder when 564 is divided by (-3)/((-27)/63) + 18?
14
What is the remainder when ((-18)/27)/((-4)/(-174))*(-1881)/57 is divided by 4?
1
Let z be (3/3)/(-4)*-124. Suppose 2*k + 17 = 3*m, 3*m + 5*k + 0 = z. Let n(d) = 19*d - 33. What is the remainder when n(m) is divided by 34?
32
Suppose 15*c + 13006 = 7*c + 15*c. Calculate the remainder when c is divided by 186.
184
Suppose 75 + 15 = 3*g. Suppose 6 = 456*a - 454*a. Suppose -a*j + 2*b + 254 = 0, 95 + 101 = 2*j + 4*b. Calculate the remainder when j is divided by g.
28
Let q(v) = v**2 + v + 1. Let w(u) = u**3 + 8*u**2 + 3*u - 1. Let k = 47 + -48. Let t(l) = k*w(l) + 4*q(l). Calculate the remainder when 28 is divided by t(-5).
3
Suppose 5*a + 1 = 681. Let c(p) = -p**2 + 8*p - 4. Calculate the remainder when a/2 + 35/(-7) is divided by c(5).
8
Let a be (-2)/(-12) + 717/18. Let j = a - 23. Suppose 180*o - 213*o = -264. What is the remainder when j is divided by o?
1
Let y = 14 + -8. Let u = 504160 + -504126. Calculate the remainder when u is divided by y.
4
Let l(n) = 2*n - 4*n + 5 + n. Let k be l(-15). What is the remainder when 117 is divided by 3/(-5) - (-412)/k?
17
Suppose 15*j - 338 - 97 = 0. Calculate the remainder when 92 is divided by j.
5
Let a = 11399 - 10916. Calculate the remainder when 487 is divided by a.
4
Let z(y) = -5*y + 2. Calculate the remainder when (-40 - 6 - -56)*218/20 is divided by z(-5).
1
Let w be (-9)/(3/1) - (6 + -9). Suppose w = 4*d - 5*c - 186, 3*c + 7 = 1. What is the remainder when 163 is divided by d?
31
Let u be (8/(-10))/(5 - (-178270)/(-35650)). Suppose -11*n - 12*n + u = 0. What is the remainder when n is divided by 21?
20
Let w = 65 - -18. Let q(a) = a**3 - 23*a**2 - 12*a + 40. Let u be q(24). Suppose u + 232 = 20*z. What is the remainder when w is divided by z?
27
Let u(j) be the second derivative of -22*j**3 - 49*j**2 - 13*j. What is the remainder when u(-3) is divided by 23?
22
Let c(y) = 29*y + 302. Calculate the remainder when 258 is divided by c(-10).
6
Suppose 4*l - 2018 = -3*g, 4*g + 669*l = 673*l + 2700. Calculate the remainder when g is divided by 64.
34
Suppose 6*n + 12 = 12*n. Suppose -5*d + 108 = 2*u, 2*d + 33 = n*u - 89. Calculate the remainder when 172 is divided by u.
54
Let p be 8*((-4)/(-6))/(40/15). Suppose 5*k = 4*d - 87 - 35, 52 = p*d + 2*k. Calculate the remainder when (-6)/(-8) + 1463/d is divided by 28.
25
Let g(j) = 1864*j - 3534. Suppose -32 = -5*y + 5*m + 23, -25 = -3*y + 5*m. Calculate the remainder when g(2) is divided by y.
14
Let h = -7 + 34. Let d be (-1)/((-3)/h*3). Suppose -d*f + 51 = 9. Calculate the remainder when f is divided by 5.
4
Let m(v) = v**3 + v**2 - v + 242. Let d(x) = 7*x - 119. Let w be d(31). Calculate the remainder when m(0) is divided by ((-2)/2)/((-2)/w).
46
Suppose -111*b + 48*b - 60*b = -60270. Calculate the remainder when b is divided by 31.
25
Suppose 0 = -5*a - 2*h + 230 + 383, 0 = 3*a + 4*h - 379. What is the remainder when 460 is divided by a?
97
Suppose 2*j - 487 = 5*v, -77*v = -5*j - 81*v + 1135. Calculate the remainder when 2768 is divided by j.
227
Suppose 0 = -2*a - 340 + 894. Suppose -3*w - 2*o + 57 = 0, 95 = 18*w - 13*w - 2*o. What is the remainder when a is divided by w?
11
Let a(h) = -5*h - 4 - 8*h - 5 - 2*h**2 + 2. Let q = -123 - -118. What is the remainder when 22 is divided by a(q)?
6
Let z(y) = 837*y - 53. Calculate the remainder when z(6) is divided by 10.
9
Let p(d) = -d**2 + 33 - 6*d + 33 + 30*d - 20. What is the remainder when p(19) is divided by 24?
21
Let m = 358 - 330. Calculate the remainder when 4/(8/(-6))*1066/(-39) is divided by m.
26
Suppose 11*l = 2*l + 1350. Let h = 354 + -335. Calculate the remainder when l is divided by h.
17
Let p = -1277 + 431. Let i = 1270 + p. What is the remainder when i is divided by 25?
24
Let w be (-3)/(27/(-2)) - 3570/27. Let z = w - -189. What is the remainder when 341 is divided by z?
56
Let p be 4 + -3 + 1 - (-13)/13. Calculate the remainder when (-719 + 2)*p*(-2)/6 is divided by 48.
45
What is the remainder when (3196 - 7)*(-30)/(-90) is divided by 32?
7
Let s = 324 + -235. Suppose -14*n + 5399 + s = 0. Calculate the remainder when n is divided by 67.
57
Let i = 618 + -525. What is the remainder when 275 is divided by i?
89
Suppose -24*q - 1806 = -2142. What is the remainder when 9/18 - 386/(-4) is divided by q?
13
Let q(a) = 11*a**2 - 57*a - 1036. What is the remainder when q(50) is divided by 288?
286
Let m be (1/(-2))/((-2)/(-40)). Let u(a) = a**2 - 145*a + 5047. What is the remainder when u(55) is divided by m/4*(-2 - 8)?
22
Suppose 33*x = 19599 + 9441. Calculate the remainder when x is divided by 13.
9
Let p(r) = -302*r - 6032. What is the remainder when p(-21) is divided by 176?
134
Suppose w - m - 572 = 0, 3553 = 53*w - 47*w + 5*m. Let j(o) = 2*o**3 - 7*o**2 - 2*o. What is the remainder when w is divided by j(5)?
63
Let w be 9/(-63) + (-561)/(-7). Suppose 2*p - 2*z + 0*z = 40, -2*z = 4*p - w. What is the remainder when p is divided by 8 - (-1 + (1 - -2))?
2
Let x(y) = 67*y + 4 - 1 + 3*y**2 - 70*y + 5*y**2. Suppose -2 = -b + 3*n + 16, 3*b = -n + 74. What is the remainder when x(4) is divided by b?
23
Let o = -458 + 713. Suppose 0 = 2*m - n + o, 0 = 4*m - 9*m - 4*n - 618. Let i = 229 + m. Calculate the remainder when i is divided by 21.
19
Let x = -1636 - -2136. Calculate the remainder when x is divided by 10.
0
Suppose -5*r = 3*u - 40, 29*u + 2*r - 52 = 26*u. Calculate the remainder when 494 is divided by u.
14
Let c(t) = -23*t - 105 - 16*t + 7*t - 3*t + 8. Calculate the remainder when 151 is divided by c(-5).
73
Let g(q) = -13*q - 6. Suppose -66 + 570 = 21*d. Calculate the remainder when g(-4) is divided by (372/d - 3) + (-2)/(-4).
7
Suppose -z - 366 = -5*p + 60, -4 = 4*z. Calculate the remainder when p is divided by 12.
1
Let v = 36 + -33. Let y(a) = -21 - 29 + 38 - v*a. Calculate the remainder when y(-7) is divided by 3.
0
Suppose -614 + 142 = -8*o. Suppose 7*p - 12 = 4*p. Suppose -2*f - s = -31, -52 = -p*f - 0*s - 4*s. Calculate the remainder when o is divided by f.
5
Let z(m) = -8*m + 32. Let u(w) = w. Let d(r) = 3*u(r) + z(r). Calculate the remainder when d(-13) is divided by 25.
22
Let q(t) = -4*t**3 - 2*t - 1. Let c be q(-1). Suppose 0 = 3*b + 3*x, 2*b - b - c*x + 12 = 0. Let k = b - -6. Calculate the remainder when 23 is divided by k.
3
Suppose 23*s = 2*l + 24*s - 90, -l + 30 = -2*s. What is the remainder when 6549 is divided by l?
39
Let o = 34 - 26. Let s = -2484 - -2497. What is the remainder when s is divided by o?
5
Suppose -12*d = 298 - 3562. Suppose -d*g - 215 = -277*g. Calculate the remainder when 471 is divided by g.
41
Let a = -30 + -19. Suppose 0 = 2*g + 6, -5*i + 10*i - g + 157 = 0. Let t = i - a. What is the remainder when 30 is divided by t?
13
Let d = -19602 - -19639. What is the remainder when 131 is divided by d?
20
Let p be 19/(-57) - (-3)/18*-4. What is the remainder when 159 is divided by (5/5)/p*-9?
6
Let j(m) = m**2 + 9*m + 44. Let d be j(-17). Suppose 40 = 5*v - d. What is the remainder when v is divided by 23?
21
Let t = 22746 + -16230. Calcula